 be 20/(j/27*3). What is the units digit of -12*(h/9)/5?
8
Let x be -1 + (32 - 1 - 2). Let u = x + -90. Let o = -30 - u. What is the tens digit of o?
3
Let t be 21*-1*(-4)/(-12). Let u = -5 - t. Suppose u*x - 37 = -x - 4*k, -4*x = 2*k - 66. What is the units digit of x?
9
What is the thousands digit of (-45)/(-5)*((-11000)/(-15))/4?
1
Let s = -463 + 796. What is the units digit of s?
3
Suppose -2*r + u = 2*r - 190, -5*r + u = -237. Let x = 86 - r. What is the tens digit of x?
3
Let o be (1/3 - (-342)/(-27))*30. What is the tens digit of (o/(-4) + 1)*2/1?
8
Let g = 123 - 119. Suppose -g*t - 2*u + 688 = -6*u, -840 = -5*t - 5*u. What is the hundreds digit of t?
1
Suppose -9 = 2*f - 5*f. Suppose 2*p + 3*m - 48 - 31 = 0, f*m = -15. What is the units digit of p?
7
Suppose -3*q = 5*i - 339 + 83, -3*i + 171 = -4*q. Let b = i - 32. Let p = b - -3. What is the units digit of p?
4
Let n be ((-5)/10)/((-1)/(-6)) - -1. What is the units digit of n/8 - (-149)/4?
7
Suppose 5*t = -5*d + 630, -3*d + 130 = t + 2*d. Suppose -3*f = -8*f + t. Let n = f - 7. What is the units digit of n?
8
Let h(d) = -16*d - 2. Let c be h(-7). Suppose 2*s + c = -3*s. Let u = s - -39. What is the units digit of u?
7
What is the hundreds digit of 6 - (-964 - -4) - -9?
9
Let k(y) = y**3 - y + 297. What is the tens digit of k(0)?
9
Suppose 11*y = 36*y - 58850. What is the thousands digit of y?
2
Let n = 56 + -30. Suppose 3*o + 3*i = -12, -2*o + 6*o = -i - 4. Suppose o = x + 3*b - n, -4*x + 5 = -2*b - 43. What is the tens digit of x?
1
Let i = 704 - 377. Let k = i + -37. What is the tens digit of k?
9
Let k be (3 + -2 + -6)*-1. Suppose 0 = k*o + v - 2*v - 26, -15 = -4*o - 5*v. Suppose o*b = j - 31, -2*b - b = 3*j - 21. What is the tens digit of j?
1
Let g(i) = -5*i - 6. Let t be g(13). Let x = t + 186. What is the units digit of x?
5
Let m(t) = 2*t**3 - 5*t**2 + 2*t - 5. Let y be m(4). Suppose 0 = -3*v, -g = -4*v - 29 - y. What is the tens digit of g?
8
Suppose 3*v = v + 134. Suppose v = 3*x - 68. Let u = x - 16. What is the tens digit of u?
2
Let h = -85 + 130. Let m(g) = g**2 + 2*g - 4. Let p be m(8). Let n = p - h. What is the units digit of n?
1
Let m be (5 + (-4 - 0))*7. Suppose 11*u = m*u + 616. What is the units digit of u?
4
Let y(g) = g**2 - 29. Let i be y(5). Let u(c) be the second derivative of -c**5/20 - c**4/6 + c**3 + 2*c**2 - c. What is the units digit of u(i)?
2
Let k = -307 - -687. Let x = -261 + k. What is the units digit of x?
9
Let l be (2 - 2)/(-3 + 1). Suppose l = -5*k + 5*v + 425, 4 = -5*v - 6. What is the units digit of k?
3
Let m = -49 - -90. Let d = m + -1. What is the units digit of d?
0
What is the tens digit of (3/(18/(-1216)))/((-38)/285)?
2
Let f(s) be the second derivative of s - 5/2*s**2 - s**3 + 0. What is the tens digit of f(-8)?
4
Suppose 0 = -6*q + 3*q + q. Suppose 5*s - 1649 + 609 = q. What is the tens digit of s?
0
Suppose 345 = -11*o + 16*o. Suppose -67*r = -o*r + 138. What is the units digit of r?
9
Let h(a) = -2*a**3 + 17*a**2 + 19*a + 3. What is the hundreds digit of h(-3)?
1
Let d = 6 + 0. Suppose 2*j = -d - 6. Let s = j + 23. What is the units digit of s?
7
Let v be ((-2)/1)/((-2)/3). Suppose -2*z + 79 = s, 5*s - v*z = s + 316. What is the tens digit of s?
7
Suppose 37777 + 105191 = 37*o. What is the thousands digit of o?
3
Suppose -3*g = -4*a - 2*g + 964, a - g - 241 = 0. What is the tens digit of a?
4
Let z(c) be the first derivative of -c**5/60 - 17*c**4/24 + 13*c**3/3 + 10. Let p(f) be the third derivative of z(f). What is the units digit of p(-10)?
3
Let o(q) = 5*q**2 + 48*q - 15. Let p be o(-11). Let c = 112 - p. What is the tens digit of c?
5
Suppose -2 = g, -5*b = -2*g - 0*g - 3239. What is the hundreds digit of b?
6
Let g(n) = -5*n + 9. Let c be g(2). What is the tens digit of 6*100/(-15)*c?
4
Let q(l) = 3*l - 27. Let r be q(10). Suppose 0 = r*b - 60. What is the tens digit of b?
2
Let x = 37 + -32. Suppose t - 15 = -2*t, t - 960 = -x*b. What is the tens digit of b?
9
Let i be -1 - ((-12)/(-4) - 149). Let z = 255 - i. What is the units digit of (1 - 5/10)*z?
5
Let y = 3 - 2. Let k be (0 - (-1)/y)*3. Suppose -k*h + 4*g + 140 = 0, -160 = -5*h + 3*g + 66. What is the tens digit of h?
4
Let u(p) = p**3 + 9*p**2 + 16*p - 9. Let z be u(-7). Let x = 21 + z. What is the tens digit of (x/5)/((-9)/360)?
1
Let y be -29 + ((-8)/(-6))/((-10)/(-15)). Suppose -g = -4*g + 18. What is the units digit of (-404)/(-36) + g/y?
1
Let j = -3 - -246. What is the hundreds digit of j?
2
Let g = 1977 - 1743. What is the units digit of g?
4
Suppose 2*x = 4*p + 46, 4*x - 1 = -2*p + 111. Let a(r) = 4*r**2 - r - 1. Let g be a(2). Let i = x - g. What is the tens digit of i?
1
Let w be (48*16/3)/2. Let l be -2 - (2 + 1 + -9). Suppose -3*z + w = -l. What is the units digit of z?
4
Let k be 21/3 - (3 - -1). Let p(z) = 67*z + 9. What is the hundreds digit of p(k)?
2
Let w = 32 + -66. Let u = w - -97. What is the units digit of u?
3
Let n(r) be the second derivative of r**5/20 + r**4/3 - 5*r**3/6 + r**2/2 - 10*r. Let f be n(-4). Let a = 10 + f. What is the units digit of a?
1
Suppose 3*o + 5*w - 5624 = 0, 5*o - 4*o = -5*w + 1878. What is the thousands digit of o?
1
Let t(y) = -y**2 - 11*y + 22. What is the units digit of t(-12)?
0
Let x be 1*(4 + -3)*5. Suppose 2*i + 4*b - 119 = 191, 0 = -2*i - x*b + 310. What is the hundreds digit of i?
1
What is the tens digit of (519/2)/((-13)/(-26))?
1
What is the thousands digit of 3855*20/(-150)*-5?
2
Let p be (-275)/(-2) - 36/24. Suppose p = -f + 3*f. What is the units digit of f?
8
Let l(i) be the third derivative of 1/6*i**3 - 5*i**2 - 1/24*i**4 + 4/15*i**5 + 0 + 0*i. What is the tens digit of l(1)?
1
Suppose -2*m - 3*u = -7, 0*m + 11 = m - u. Let q(f) = -f**3 + 8*f**2 + 5*f + 3. What is the tens digit of q(m)?
4
Suppose 2*l - 1 - 1 = 0. Let d = l + 1. Suppose -z + d*a = -5, -a = 2*a. What is the units digit of z?
5
What is the tens digit of 1793/22*3*(4 + 10)?
2
What is the tens digit of 184 + 13/((-104)/40)?
7
Let w be -4*(18/(-4))/(-3). What is the units digit of (w - -5)*(3 - 154)?
1
Let j = 6 - 8. Let z be 129/(-9) - j/(-3). Let o = -4 - z. What is the units digit of o?
1
Let z(o) = -o**2 + 5*o + 602. What is the tens digit of z(0)?
0
Suppose 0*r + 2*r = 114. What is the units digit of (r - 9) + -3 + 1?
6
Let i = 51 + -51. Suppose i = -c + s + 104, -4*c - 513 = -9*c - 2*s. What is the hundreds digit of c?
1
Suppose -23 + 71 = 3*i. Let q(t) = 3*t + 5. Let g(w) = 8*w + 14. Let r(u) = -4*g(u) + 11*q(u). What is the tens digit of r(i)?
1
Let g(l) = 2*l**2 - 2*l - 29. Let c(r) = -r**2 + 4*r + 37. Let s be c(9). What is the hundreds digit of g(s)?
1
Suppose 8*j = 21*j - 4810. Let v = j + -165. What is the units digit of v?
5
Let g be 1*(3 + -3)/(-3). Suppose -c + 9 - 25 = g. Let b = 5 - c. What is the tens digit of b?
2
Let s(g) = 8*g**2 - 4*g + g + 0*g + 6 - 7*g**2. Let a = 8 + -4. What is the units digit of s(a)?
0
Suppose 0 = -3*n - x + 788, 4*n + x = 832 + 218. What is the units digit of n?
2
Suppose 0 = 8*i + 18 + 14. Let p = 108 - i. What is the tens digit of p?
1
Let z = -84 + 87. Suppose 2*i = -5*c + 135, 0 = -2*c + i + z*i + 78. What is the units digit of c?
9
Let h(c) = -1 + 3 + 964*c - c**3 - 480*c - 478*c. Let j be (-4)/6 - 20/6. What is the tens digit of h(j)?
4
What is the hundreds digit of (-8*5/10)/((-1)/68)?
2
What is the tens digit of 52*-1*((-321)/4 + 7)?
0
Suppose x + 5*p - 287 - 1070 = 0, 2*p - 6785 = -5*x. What is the tens digit of x?
5
Suppose 0 = -58*w + 66327 + 35057. What is the tens digit of w?
4
Let u = -100 + 108. Suppose 4*v - 2*j - 418 = 0, -u*v + 515 = -3*v - j. What is the tens digit of v?
0
Let g be (-12)/(-5)*(-160)/(-6). Suppose 0 = -5*s + 1 + g. Suppose -s - 18 = -p. What is the tens digit of p?
3
Suppose -70*x = -61*x - 3942. What is the hundreds digit of x?
4
Suppose -r + 2*l = -1 - 3, 4*l + 8 = -4*r. Suppose 6*i - 335 - 163 = r. What is the tens digit of i?
8
Suppose 4*f + 4 = 28. Let x(k) = -k**3 + 6*k**2 + k + 15. What is the units digit of x(f)?
1
What is the hundreds digit of ((-10)/(-8))/(19/1748)?
1
Let o(h) = -h**2 + 9*h - 8. Let s be 6 + 1 - (4 - 5). Let u be o(s). Let a = u + 9. What is the units digit of a?
9
What is the units digit of 2218 + 2 + (-1 - 6/(-3))?
1
Let k(n) = 